{"id":23,"date":"2018-10-14T20:11:39","date_gmt":"2018-10-14T18:11:39","guid":{"rendered":"http:\/\/pascalhallou.com\/?page_id=23"},"modified":"2026-03-15T09:40:11","modified_gmt":"2026-03-15T08:40:11","slug":"a-propos-de","status":"publish","type":"page","link":"https:\/\/pascalhallou.com\/?page_id=23","title":{"rendered":"Bio"},"content":{"rendered":"\r\n<p><span style=\"color: #000000;\"><em><img loading=\"lazy\" decoding=\"async\" class=\"size-large wp-image-1838 aligncenter\" src=\"https:\/\/pascalhallou.com\/wp-content\/uploads\/2022\/10\/DSCF8621-1024x683.jpg\" alt=\"\" width=\"1024\" height=\"683\" srcset=\"https:\/\/pascalhallou.com\/wp-content\/uploads\/2022\/10\/DSCF8621-1024x683.jpg 1024w, https:\/\/pascalhallou.com\/wp-content\/uploads\/2022\/10\/DSCF8621-300x200.jpg 300w, https:\/\/pascalhallou.com\/wp-content\/uploads\/2022\/10\/DSCF8621-768x512.jpg 768w, https:\/\/pascalhallou.com\/wp-content\/uploads\/2022\/10\/DSCF8621-1536x1024.jpg 1536w, https:\/\/pascalhallou.com\/wp-content\/uploads\/2022\/10\/DSCF8621-2048x1365.jpg 2048w, https:\/\/pascalhallou.com\/wp-content\/uploads\/2022\/10\/DSCF8621-1620x1080.jpg 1620w\" sizes=\"auto, (max-width: 1024px) 100vw, 1024px\" \/><\/em><\/span><\/p>\r\n<p>&nbsp;<\/p>\r\n<p>&nbsp;<\/p>\r\n<p>&nbsp;<\/p>\r\n<p style=\"text-align: left;\"><span style=\"color: #000000;\"><em>&#8230;de l&rsquo;imitation.<\/em><\/span><\/p>\r\n<p style=\"text-align: left;\"><span style=\"color: #000000;\"><em> Ma passion pour la peinture transforme le r\u00e9el.<\/em><\/span><em style=\"color: #000000;\">\u00a0<\/em><\/p>\r\n<p style=\"text-align: left;\"><span style=\"color: #000000;\"><em>A l&rsquo;\u00e9tat de fossile, l&rsquo;image resurgit sans cesse, grim\u00e9e, maquill\u00e9e, subliminale.<\/em><\/span><\/p>\r\n<p style=\"text-align: left;\"><span style=\"color: #000000;\"><em>Qutoidiennement ma pratique<\/em><\/span><span style=\"color: #000000;\"><em> photographique et celle de la peinture, se croisent et se questionnent.<\/em><\/span><\/p>\r\n<p style=\"text-align: left;\"><span style=\"color: #000000;\"><em>Mes exp\u00e9rimentations de la peinture ont fini par mettre au point une mati\u00e8re nouvelle mimant les processus de concr\u00e9tion des stalactites.<\/em><\/span><\/p>\r\n<p style=\"text-align: left;\"><span style=\"color: #000000;\"><em>Les tentatives accumul\u00e9es cr\u00e9ent des mille feuilles s\u00e9mantiques comparables aux accumulations d&rsquo;images vues quotidiennement plus ou moins assimil\u00e9es, dig\u00e9r\u00e9es, entass\u00e9es ou r\u00e9gurgit\u00e9es&#8230;<\/em><\/span><\/p>\r\n<p style=\"text-align: left;\"><span style=\"color: #000000;\"><em> La peinture comme un limon, un support fertile qui rend possible.<\/em><\/span><\/p>\r\n<p style=\"text-align: left;\"><span style=\"color: #000000;\"><em> L&rsquo;espoir na\u00eet,\u00a0 profond et essentiel. <\/em><\/span><\/p>\r\n<p style=\"text-align: left;\"><span style=\"color: #000000;\"><em>La qu\u00eate est celle de l&rsquo;image nouvelle: L&rsquo;\u00e9vidence,\u00a0 l&rsquo;av\u00e8nement ( fut-il le produit d&rsquo;un d\u00e9barras de savoirs, aspirations et handicapes techniques).<\/em><\/span><\/p>\r\n<p style=\"text-align: left;\"><span style=\"color: #000000;\"><em>La r\u00e9sultante <\/em><em>de ce processus empirique, est Peinture. Fruit du discernement, qui s&rsquo;affiche en affrontant les conditions de la vie pr\u00e9sente. <\/em><\/span><span style=\"color: #000000;\"><em>La d\u00e9composition des processus cr\u00e9atifs et leurs remariages, activent ce pr\u00e9sent, fait de d\u00e9calcomanies additionn\u00e9es, l&rsquo;Histoire. <\/em><\/span><span style=\"color: #000000;\"><em>C&rsquo;est qu&rsquo;\u00e0 convoquer l&rsquo;alchimie, les pr\u00e9monitions \u00e9ructent et peuvent prendre le pouvoir, d\u00e9sar\u00e7onnant\u00a0 le pr\u00e9visible&#8230;<\/em><\/span><\/p>\r\n<p style=\"text-align: left;\">\u00a0<\/p>\r\n<hr \/>\r\n<p>&nbsp;<\/p>\r\n<p><strong><span style=\"color: #000000;\"><em>Expositions personnelles :<\/em><\/span><\/strong><\/p>\r\n<p style=\"text-align: left;\"><span style=\"color: #000000;\"><em>-2026\u00a0 \u00ab\u00a0La lueur\u00a0\u00bb Galerie 8.30, Manonville<\/em><\/span><\/p>\r\n<p style=\"text-align: left;\"><span style=\"color: #000000;\"><em>-2016\u00a0 \u00ab\u00a0Pas dans la neige\u00a0\u00bb, Galerie Nevermore, Metz<\/em><\/span><\/p>\r\n<p style=\"text-align: left;\"><span style=\"color: #000000;\">&#8211;<em>2006\u00a0 \u00ab\u00a0R\u00eaves&#8230;\u00a0\u00bb\u00a0 , Galerie Cour Carr\u00e9e, Paris<\/em><\/span><\/p>\r\n<p style=\"text-align: left;\"><span style=\"color: #000000;\"><em>-2003\u00a0 \u00ab\u00a0Evaporations \u00a0\u00bb\u00a0 , Galerie Aki\u00e9 Aricchi, Paris<\/em><\/span><\/p>\r\n<p style=\"text-align: left;\"><span style=\"color: #000000;\"><em>-2002\u00a0 \u00ab\u00a0Happy Moon \u00a0\u00bb\u00a0 , Galerie Cour Carr\u00e9e, Paris<\/em><\/span><\/p>\r\n<p style=\"text-align: left;\"><span style=\"color: #000000;\"><em>-2001\u00a0 \u00ab\u00a0Satisfaction\u00a0\u00bb , Castel Coucou, Forbach***<\/em><\/span><\/p>\r\n<p style=\"text-align: left;\"><span style=\"color: #000000;\"><em>-1999\u00a0 \u00a0\u00bb P. \u00a0\u00bb ,\u00a0 Galerie Lillebonne, Nancy<\/em><\/span><\/p>\r\n<p style=\"text-align: left;\"><span style=\"color: #000000;\">&#8211;<em>1998\u00a0 \u00ab\u00a0Gardes du Corps\u00a0\u00bb , AMT Sch\u00f6enecken, Deutchland<\/em><\/span><\/p>\r\n<p style=\"text-align: left;\"><span style=\"color: #000000;\"><em>-1998\u00a0 \u00ab\u00a0l&rsquo;homme\u00a0\u00bb Galerie Cour Carr\u00e9e ,\u00a0 Nancy<\/em><\/span><\/p>\r\n<p style=\"text-align: left;\"><span style=\"color: #000000;\"><em>-1997 \u00ab\u00a0Ici l&rsquo;Ombre\u00a0\u00bb , M\u00e9diat\u00e8que, Forbach<\/em><\/span><\/p>\r\n<p style=\"text-align: left;\"><span style=\"color: #000000;\"><em>-1995\u00a0 \u00ab\u00a0Trois petits points \u00a0\u00bb ,\u00a0 Galerie Cour Carr\u00e9e, Metz<\/em><\/span><\/p>\r\n<p style=\"text-align: left;\"><span style=\"color: #000000;\"><em>-1996\u00a0 \u00ab\u00a0Tout pr\u00e8s, incolore&#8230;\u00a0\u00bb , Galerie Oeil, Forbach<\/em><\/span><\/p>\r\n<p style=\"text-align: left;\"><span style=\"color: #000000;\"><em>-1993\u00a0 \u00ab\u00a0Couch\u00e9-Debout \u00a0\u00bb ,\u00a0 \u00a0Centre d&rsquo;Art, Bl\u00e9nod les PAM ***<\/em><\/span><\/p>\r\n<p style=\"text-align: left;\"><span style=\"color: #000000;\"><em>-1992 \u00ab\u00a0Mordre dans des tissus serr\u00e9s, serr\u00e9s&#8230;\u00a0\u00bb ,\u00a0 Galerie Cour Carr\u00e9e, Metz<\/em><\/span><\/p>\r\n<p style=\"text-align: left;\">\u00a0<\/p>\r\n<p><strong><span style=\"color: #000000;\"><em>Expositions collectives, s\u00e9lection :<\/em><\/span><\/strong><\/p>\r\n<p><span style=\"color: #000000;\">-2020 <em>Prix PHOTOEIL 2020<\/em> :\u00a0<\/span><\/p>\r\n<p><iframe loading=\"lazy\" title=\"YouTube video player\" src=\"https:\/\/www.youtube.com\/embed\/nFLNvhLd61Y\" width=\"300\" height=\"160\" frameborder=\"0\" allowfullscreen=\"allowfullscreen\"><\/iframe><\/p>\r\n<p style=\"text-align: left;\"><span style=\"color: #000000;\"><em>-2020\u00a0 Seek the sun\u00a0 International Film Festival https:\/\/www.facebook.com\/Seek-the-sun-104406487872309\/<\/em><\/span><\/p>\r\n<p style=\"text-align: left;\"><span style=\"color: #000000;\"><em>-2004 \u00ab\u00a0Substances\u00a0\u00bb\u00a0 Arsenal Metz<\/em><\/span><\/p>\r\n<p style=\"text-align: left;\"><span style=\"color: #000000;\"><em>-2005 \u00ab\u00a0Substances 2\u00a0\u00bb Berlin***<\/em><\/span><\/p>\r\n<p style=\"text-align: left;\"><em style=\"color: #000000;\">-1997\u00a0 S\u00e9lection Prix Robert Schuman,\u00a0 Sarrebr\u00fcck ***<\/em><\/p>\r\n<p style=\"text-align: left;\"><span style=\"color: #000000;\"><em>-1995\u00a0 \u00ab\u00a0Le jeu de la diff\u00e9rence\u00a0\u00bb Galerie Aki\u00e9\u00a0Aricchi, Paris<\/em><\/span><\/p>\r\n<p style=\"text-align: left;\"><em><span style=\"color: #000000;\">-1995\u00a0 \u00ab\u00a0Hommage \u00e0 Marcelle Cahn\u00a0\u00bb, Galerie le Faisan, Strasbourg<\/span><\/em><\/p>\r\n<p style=\"text-align: left;\"><span style=\"color: #000000;\"><em>-1988 \u00ab\u00a0Stations\u00a0\u00bb, Caves Saintes Croix , Metz<\/em><\/span><\/p>\r\n<p style=\"text-align: left;\"><span style=\"color: #000000;\"><em>-1985\u00a0 \u00ab\u00a0Lumineuses Interf\u00e9rences\u00a0\u00bb Galerie Terres Rouges, Esch sur Alzette, Luxembourg<\/em><\/span><\/p>\r\n<p style=\"text-align: left;\"><span style=\"color: #000000;\"><em>-1984\u00a0 \u00ab\u00a01984 \u00a0\u00bb Itin\u00e9rante Europe<\/em><\/span><span style=\"color: #000000;\"><em>\u00a0<\/em><\/span><span style=\"color: #000000;\"><em> ***<\/em><\/span><\/p>\r\n<p><span style=\"color: #000000;\">\u00a0 \u00a0 \u00a0 *** Catalogues<\/span><\/p>\r\n<p>&nbsp;<\/p>\r\n<p>&nbsp;<\/p>\r\n<p><span style=\"color: #000000;\"><em><strong>Publications:<\/strong><\/em><\/span><\/p>\r\n<p>https:\/\/www.voixeditions.com\/<\/p>\r\n<p><span style=\"color: #000000;\"><img loading=\"lazy\" decoding=\"async\" class=\"alignleft size-large wp-image-1965\" src=\"https:\/\/pascalhallou.com\/wp-content\/uploads\/2026\/03\/618065061_1315355143941626_2203520102159847062_n-671x1024.jpg\" alt=\"\" width=\"671\" height=\"1024\" srcset=\"https:\/\/pascalhallou.com\/wp-content\/uploads\/2026\/03\/618065061_1315355143941626_2203520102159847062_n-671x1024.jpg 671w, https:\/\/pascalhallou.com\/wp-content\/uploads\/2026\/03\/618065061_1315355143941626_2203520102159847062_n-197x300.jpg 197w, https:\/\/pascalhallou.com\/wp-content\/uploads\/2026\/03\/618065061_1315355143941626_2203520102159847062_n-768x1172.jpg 768w, https:\/\/pascalhallou.com\/wp-content\/uploads\/2026\/03\/618065061_1315355143941626_2203520102159847062_n-1007x1536.jpg 1007w, https:\/\/pascalhallou.com\/wp-content\/uploads\/2026\/03\/618065061_1315355143941626_2203520102159847062_n-1024x1562.jpg 1024w, https:\/\/pascalhallou.com\/wp-content\/uploads\/2026\/03\/618065061_1315355143941626_2203520102159847062_n-708x1080.jpg 708w, https:\/\/pascalhallou.com\/wp-content\/uploads\/2026\/03\/618065061_1315355143941626_2203520102159847062_n.jpg 1239w\" sizes=\"auto, (max-width: 671px) 100vw, 671px\" \/><\/span><\/p>\r\n<p><span style=\"color: #000000;\"><img loading=\"lazy\" decoding=\"async\" class=\"alignleft size-large wp-image-1963\" src=\"https:\/\/pascalhallou.com\/wp-content\/uploads\/2026\/03\/539571911_1197238365753305_5640167875517400673_n-676x1024.jpg\" alt=\"\" width=\"676\" height=\"1024\" srcset=\"https:\/\/pascalhallou.com\/wp-content\/uploads\/2026\/03\/539571911_1197238365753305_5640167875517400673_n-676x1024.jpg 676w, https:\/\/pascalhallou.com\/wp-content\/uploads\/2026\/03\/539571911_1197238365753305_5640167875517400673_n-198x300.jpg 198w, https:\/\/pascalhallou.com\/wp-content\/uploads\/2026\/03\/539571911_1197238365753305_5640167875517400673_n-768x1164.jpg 768w, https:\/\/pascalhallou.com\/wp-content\/uploads\/2026\/03\/539571911_1197238365753305_5640167875517400673_n-1013x1536.jpg 1013w, https:\/\/pascalhallou.com\/wp-content\/uploads\/2026\/03\/539571911_1197238365753305_5640167875517400673_n-1024x1552.jpg 1024w, https:\/\/pascalhallou.com\/wp-content\/uploads\/2026\/03\/539571911_1197238365753305_5640167875517400673_n-712x1080.jpg 712w, https:\/\/pascalhallou.com\/wp-content\/uploads\/2026\/03\/539571911_1197238365753305_5640167875517400673_n.jpg 1351w\" sizes=\"auto, (max-width: 676px) 100vw, 676px\" \/><\/span><\/p>\r\n<p>&nbsp;<\/p>\r\n<p>&nbsp;<\/p>","protected":false},"excerpt":{"rendered":"<p>&nbsp; &nbsp; &nbsp; &#8230;de l&rsquo;imitation. Ma passion pour la peinture transforme le r\u00e9el.\u00a0 A l&rsquo;\u00e9tat de fossile, l&rsquo;image resurgit sans cesse, grim\u00e9e, maquill\u00e9e, subliminale. Qutoidiennement ma pratique photographique et celle de la peinture, se croisent et se questionnent. Mes exp\u00e9rimentations de la peinture ont fini par mettre au point une mati\u00e8re nouvelle mimant les processus&hellip; <br \/> <a class=\"read-more\" href=\"https:\/\/pascalhallou.com\/?page_id=23\">Lire la suite<\/a><\/p>\n","protected":false},"author":1,"featured_media":586,"parent":0,"menu_order":0,"comment_status":"closed","ping_status":"closed","template":"","meta":{"footnotes":""},"class_list":["post-23","page","type-page","status-publish","has-post-thumbnail","hentry"],"_links":{"self":[{"href":"https:\/\/pascalhallou.com\/index.php?rest_route=\/wp\/v2\/pages\/23","targetHints":{"allow":["GET"]}}],"collection":[{"href":"https:\/\/pascalhallou.com\/index.php?rest_route=\/wp\/v2\/pages"}],"about":[{"href":"https:\/\/pascalhallou.com\/index.php?rest_route=\/wp\/v2\/types\/page"}],"author":[{"embeddable":true,"href":"https:\/\/pascalhallou.com\/index.php?rest_route=\/wp\/v2\/users\/1"}],"replies":[{"embeddable":true,"href":"https:\/\/pascalhallou.com\/index.php?rest_route=%2Fwp%2Fv2%2Fcomments&post=23"}],"version-history":[{"count":157,"href":"https:\/\/pascalhallou.com\/index.php?rest_route=\/wp\/v2\/pages\/23\/revisions"}],"predecessor-version":[{"id":2062,"href":"https:\/\/pascalhallou.com\/index.php?rest_route=\/wp\/v2\/pages\/23\/revisions\/2062"}],"wp:featuredmedia":[{"embeddable":true,"href":"https:\/\/pascalhallou.com\/index.php?rest_route=\/wp\/v2\/media\/586"}],"wp:attachment":[{"href":"https:\/\/pascalhallou.com\/index.php?rest_route=%2Fwp%2Fv2%2Fmedia&parent=23"}],"curies":[{"name":"wp","href":"https:\/\/api.w.org\/{rel}","templated":true}]}}